{"id":48,"date":"2014-03-06T22:23:00","date_gmt":"2014-03-06T20:23:00","guid":{"rendered":"http:\/\/xn--tierheilpraxis-pln-t3b.de\/?page_id=48"},"modified":"2018-05-14T08:19:48","modified_gmt":"2018-05-14T06:19:48","slug":"magnetfeld-therapie","status":"publish","type":"page","link":"https:\/\/xn--tierheilpraxis-pln-t3b.de\/?page_id=48","title":{"rendered":"Magnetfeld-Therapie"},"content":{"rendered":"<p>Mit Magneten zu heilen ist eine alte Tradition. Bereits vor mehr als 2000 Jahren sollen die Chinesen magnetische Steine zur Unterst\u00fctzung der Heilung und St\u00e4rkung der Gesundheit benutzt haben. Heute wird das pulsierende Magnetfeld k\u00fcnstlich \u00fcber Strom erzeugt, wobei man unter Pulsation einen physikalischen Vorgang versteht, bei dem ein elektromagnetisches Feld in seiner Grundfrequenz in einem bestimmten Rhythmus ver\u00e4ndert wird. Aufgrund dieser Eigenschaft durchdringen Magnetfelder den K\u00f6rper nahezu ungehindert und k\u00f6nnen dadurch ihre Energie bis in die tiefste Zelle im K\u00f6rper \u00fcbertragen.<\/p>\n<p>Magnetfeld ist eine begleitende Behandlungsmethode zur Vorbeugung, Regulierung und Stabilisierung vieler Systeme im tierischen Organismus. Die Blutzirkulation sowie der Sauerstoff- und N\u00e4hrstofftransport wird erh\u00f6ht. Der Lymphfluss wird angeregt und die Ausleitung von k\u00f6rperfremden Stoffen z.B. Medikamenten, gef\u00f6rdert. Die Nervenempfindlichkeit wird durch das Magnetfeld herabgesetzt, der Stoffwechsel in dem betroffenen Gebiet wieder angeregt und die Durchblutung verbessert, so dass es zu einer Entspannung der Muskulatur kommt. Dadurch k\u00f6nnen akute Schmerzen beseitigt und damit die Entwicklung chronischer Schmerzen verhindert werden.<\/p>\n<p>Die Frequenz und Intensit\u00e4t des Magnetfeldes wird individuell auf jedes Tier und die Erkrankung abgestimmt, ebenso die Dauer und Wiederholung der Therapieeinheit. In der Regel ist eine Mindestanzahl von 8 bis 10 Anwendungen angezeigt.<\/p>\n<p>Selbstverst\u00e4ndlich verleihe ich mein Magnetfeldger\u00e4t (Medec BRS 500 und Biomedical f\u00fcr Pferde). Nach einer\u00a0 genauen Einweisung zur Handhabung des Ger\u00e4tes ist es Ihnen ohne viel Aufwand m\u00f6glich,\u00a0 Ihrem Tier eine intensive Therapie zu erm\u00f6glichen.<\/p>\n<p><strong>Weitere Informationen erhalten Sie:<\/strong><br \/>\nmagnetfeld2010, EnergoMed.com oder Dr. M. Kulbe<br \/>\nbio-medical-systems.de (f\u00fcr Pferde)<\/p>\n<blockquote><p><strong>Anwendungsgebiete<\/strong><br \/>\n&#8211; Zur Vorbeugung, Regulierung und Stabilisierung<br \/>\n&#8211; Entspannung und Regeneration<br \/>\n&#8211; allg. Verbesserung der Leitungsf\u00e4higkeit<br \/>\n&#8211; Steigerung der Immunabwehr<br \/>\n&#8211; Anregung des gesamten Stoffwechsels<br \/>\n&#8211; verschiedene Allergien<br \/>\n&#8211; Hautprobleme<br \/>\n&#8211; schlecht heilende Wunden<br \/>\n&#8211; Erkrankungen des Bewegungsapparates<br \/>\n&#8211; Zur Behandlung bei Schmerzen<\/p><\/blockquote>\n<p>Das Schmerzempfinden l\u00e4st sich an physischen und psychischen Reaktionen der Tiere festmachen.<br \/>\n<strong><strong>Dazu geh\u00f6ren unter anderem:<\/strong><br \/>\n<\/strong>Einschr\u00e4nkung der Bewegung<br \/>\nVerkrampfung der Muskulatur<br \/>\nAngst<br \/>\nStoffwechselst\u00f6rungen<br \/>\n<strong><br \/>\n<\/strong><\/p>\n<p><span class=\"p4\">*Um den gesetzlichen Anforderungen zu gen\u00fcgen, gebe ich folgenden Hinweis:<br \/>\nDie Magnetfeldtherapie ist ein komplement\u00e4rmedizinisches Verfahren und wird von der evidenzbasierten Medizin nicht anerkannt.<\/span><\/p>\n","protected":false},"excerpt":{"rendered":"<p>Mit Magneten zu heilen ist eine alte Tradition. Bereits vor mehr als 2000 Jahren sollen die Chinesen magnetische Steine zur Unterst\u00fctzung der Heilung und St\u00e4rkung <\/p>\n<p><a href=\"https:\/\/xn--tierheilpraxis-pln-t3b.de\/?page_id=48\" class=\"button1\">Read More &raquo;<\/a><\/p>\n","protected":false},"author":1,"featured_media":0,"parent":38,"menu_order":0,"comment_status":"closed","ping_status":"closed","template":"","meta":{"footnotes":""},"class_list":["post-48","page","type-page","status-publish","hentry"],"_links":{"self":[{"href":"https:\/\/xn--tierheilpraxis-pln-t3b.de\/index.php?rest_route=\/wp\/v2\/pages\/48","targetHints":{"allow":["GET"]}}],"collection":[{"href":"https:\/\/xn--tierheilpraxis-pln-t3b.de\/index.php?rest_route=\/wp\/v2\/pages"}],"about":[{"href":"https:\/\/xn--tierheilpraxis-pln-t3b.de\/index.php?rest_route=\/wp\/v2\/types\/page"}],"author":[{"embeddable":true,"href":"https:\/\/xn--tierheilpraxis-pln-t3b.de\/index.php?rest_route=\/wp\/v2\/users\/1"}],"replies":[{"embeddable":true,"href":"https:\/\/xn--tierheilpraxis-pln-t3b.de\/index.php?rest_route=%2Fwp%2Fv2%2Fcomments&post=48"}],"version-history":[{"count":12,"href":"https:\/\/xn--tierheilpraxis-pln-t3b.de\/index.php?rest_route=\/wp\/v2\/pages\/48\/revisions"}],"predecessor-version":[{"id":437,"href":"https:\/\/xn--tierheilpraxis-pln-t3b.de\/index.php?rest_route=\/wp\/v2\/pages\/48\/revisions\/437"}],"up":[{"embeddable":true,"href":"https:\/\/xn--tierheilpraxis-pln-t3b.de\/index.php?rest_route=\/wp\/v2\/pages\/38"}],"wp:attachment":[{"href":"https:\/\/xn--tierheilpraxis-pln-t3b.de\/index.php?rest_route=%2Fwp%2Fv2%2Fmedia&parent=48"}],"curies":[{"name":"wp","href":"https:\/\/api.w.org\/{rel}","templated":true}]}}